221*d. Suppose 5*u = 3*r + 1225, 5*u + 2*r - d = 2*u. List the prime factors of u.
2, 11
Let w be 12/5 - 2 - 154056/15. List the prime factors of (w/(-60))/((-3)/(-18)).
13, 79
Let q = -34 + 37. What are the prime factors of 4554/(-99)*q/2*-1?
3, 23
Let n be (3/(-30) - (-4)/(-10))*-4. Let p be -4*n/(-4)*2. List the prime factors of ((-39)/(-12) - p)*-204.
3, 17
Suppose -g + 2*u = 3*g - 11966, -5*g = -2*u - 14961. List the prime factors of g.
5, 599
Suppose -2*d - 2*z = -446, -2*d + 5*z + 1125 = 3*d. Let u = d - -234. Suppose -2*r = -u - 88. What are the prime factors of r?
3, 7, 13
Suppose -3*v + 23*v - 40 = 0. List the prime factors of 41080/180 + v/(-9).
2, 3, 19
Suppose -4*x - 2*o - 10894 + 96384 = 0, -5*x = -5*o - 106840. List the prime factors of 2*4/24 + x/21.
2, 509
Suppose 79297 = 3*i - 60332. List the prime factors of i.
7, 61, 109
Let t(j) = -2*j**2 + 47*j - 64. Let w be t(22). Suppose -z + 1812 = 5*l, -3*l - w*z = -8*l + 1821. List the prime factors of l.
3, 11
Suppose 0 = -x + 171 - 9. What are the prime factors of x?
2, 3
List the prime factors of (3 - (-22)/(-2)) + 3868.
2, 5, 193
Let l(v) = -647*v**3 - 2*v**2 - 8*v - 7. List the prime factors of l(-1).
2, 17, 19
Let r(o) = -2*o - 10. Let v be r(-6). Suppose 0 = -v*x + 9*x - 49. Suppose x*l = 9*l - 190. What are the prime factors of l?
5, 19
Let o(s) = 2 + s**3 + s**2 - 2 - 1 + 15. Let r be o(0). Let z = 82 + r. What are the prime factors of z?
2, 3
Suppose -4*s + 5*s = 5*g - 11, 2*s - 6 = -4*g. Suppose -g*m = m + 63. What are the prime factors of 3/(1 - 2)*392/m?
2, 7
Let u = 23300 - 13476. List the prime factors of u.
2, 307
Suppose 2*u = 5*c - 25290, -2*c = -3*c + 5*u + 5081. List the prime factors of c.
2, 79
Suppose 14051 = 5*z - n - 21020, 14046 = 2*z + 4*n. List the prime factors of z.
5, 23, 61
Let y = -10849 + 23121. List the prime factors of y.
2, 13, 59
Let m(n) = 21 + 24*n**2 - 50*n - 11 - n**3 - 4*n**2 + 2. What are the prime factors of m(15)?
3, 43
Let u = 45 + -47. Let m = u - -15. Suppose -9*x + 59 = -m. What are the prime factors of x?
2
Let s = -105450 + 192774. List the prime factors of s.
2, 3, 19, 383
Let i = 11568 + -6982. What are the prime factors of i?
2, 2293
Let x be 4/(-26) + 176/(-208). Let d(o) = -734*o + 23. List the prime factors of d(x).
757
List the prime factors of 9011632/770 - (-4)/10 - (-8)/44.
2, 7, 11, 19
Let p(o) be the third derivative of -13*o**2 + 0 + 0*o + 1/12*o**6 - 1/3*o**3 + 5/24*o**4 - 1/30*o**5. What are the prime factors of p(2)?
2, 5
Let m(v) = 4*v - 49. Let t(y) = 3*y - 33. Let c(q) = -5*m(q) + 8*t(q). Suppose 3*s - 37 = 2*z, -s = 4*z - 1 + 12. List the prime factors of c(s).
17
Suppose 11 = 4*p - n, -2*p - 14 = -6*p + 2*n. Suppose 0 = p*d - 2 - 2. Suppose -2*t - d*v + 588 = 3*t, 5*t - 572 = 2*v. List the prime factors of t.
2, 29
Let p = 33586 + -17339. List the prime factors of p.
7, 11, 211
Let o be -283 + (-23)/(92/40). Suppose 521 = -j + 104. Let t = o - j. List the prime factors of t.
2, 31
Let i be 6/24*-4 - -11. Let u(g) = 5*g**2 - 20*g + 14. List the prime factors of u(i).
2, 157
Let m = -2218 + 4292. What are the prime factors of m?
2, 17, 61
Let o(f) be the second derivative of -8*f**3 + 11*f**2 - 9*f. Let y be o(-9). Suppose 53*u = 51*u + y. What are the prime factors of u?
227
List the prime factors of (-2 - 50)/((-4)/9640*5).
2, 13, 241
Suppose 3*v + 36100 = -35*v. Let q = v - -1429. What are the prime factors of q?
479
Let m(o) = 287*o + 1440. Let q be m(-5). Let h = 8 - 4. Suppose -2*j - 234 = -4*z, h*z + q*j - 241 = -0*j. What are the prime factors of z?
59
Let v(w) = 3*w**2 - 71*w - 46. Let r be v(30). Let y = -352 + r. What are the prime factors of y?
2, 43
Suppose -35*i = -29*i - 18. Suppose i*v + 2*c = 180 + 675, 0 = 3*v + 4*c - 849. List the prime factors of v.
7, 41
Suppose 5*t + 5*p = 125, -4 = p + p. List the prime factors of 3963/6*2 - (t - 29).
3, 7
Let v be (-422 - 8/(-2)) + 15/5. Let i = v + 913. Let w = i + -263. List the prime factors of w.
5, 47
Let i = -35 - -33. List the prime factors of 8/(24/711) - i.
239
Suppose 5*r - 101 = 49. Suppose r*b + 3189 = 19809. What are the prime factors of b?
2, 277
Let g(b) = 5 + 53 - 10 + 2*b**2 + 19*b. What are the prime factors of g(-17)?
3, 101
Suppose -7*a - 14*a + 924 = 0. Suppose -r + 22 = -a. List the prime factors of r.
2, 3, 11
Suppose 25343 = k + 2*a, 356*k - 354*k - 4*a = 50686. What are the prime factors of k?
25343
Let l(x) = -x**3 + 3*x**2 + 2*x - 3. Let t be l(2). Suppose 2*d = 3*r + 54 + 324, t*d = -r + 911. What are the prime factors of d?
3, 61
Suppose 0*q - 3*a = -q + 37, 5*q - 146 = 2*a. Suppose -2*y - y + 2*t - q = 0, -2*y - 8 = -4*t. Let g = 17 + y. List the prime factors of g.
5
Let w(d) = -109*d + 1268. List the prime factors of w(-45).
6173
Suppose 4*j + 30 = j. Let m be (2 + j/4)*(-3 - -1). List the prime factors of 0 + 204 - m*-5.
11, 19
Let s be 5/(10/4) - (-3 - -5). Let k(d) = d**2 - 2*d + 2. Let f be k(3). Suppose -4*w = f*x - 119, -4*x + 7*x - 2*w - 89 = s. List the prime factors of x.
3
Suppose 0*g + 10*g = 20. Let l be g + -4 + 8 + 350. Let t = l - 93. List the prime factors of t.
263
List the prime factors of (-1232)/84*(-2 - (-1195)/(-4)).
11, 401
Let x be 0 - (174532/(-16) + 3/12). Suppose -x + 756 = -24*a. List the prime factors of a.
3, 47
Let m be 2486/(5 + 132/(-27)). Suppose -5*g + 38*g - m = 0. List the prime factors of g.
2, 3, 113
Let p(s) = 214*s**2 + 13*s - 87. List the prime factors of p(7).
2, 5, 1049
Let m = -71 - -75. Suppose m*q - 2223 = 13. What are the prime factors of q?
13, 43
Let m(l) be the first derivative of -71*l**2/2 + 13*l + 30. What are the prime factors of m(-1)?
2, 3, 7
Suppose 0 = -0*j + 3*j, 0 = 3*b + 5*j - 12. Let k(a) = a**2 + 81*a + 1090. Let g be k(-17). Suppose -d - o + 199 = -6*o, -g*o = -b. List the prime factors of d.
11, 19
What are the prime factors of 37504/20 + (-12)/(-15) + -2?
2, 937
Let k = 16966 + -8506. What are the prime factors of k?
2, 3, 5, 47
Let h(y) = y**3 - 3*y**2 - 6*y - 6. Let j be h(5). Suppose 9*s - j*s + 575 = 0. List the prime factors of s.
5, 23
Let u(f) = -f**2 - 45*f - 240. Let l be u(-16). Suppose q - l = 2*s, q - 218 = 10*s - 6*s. What are the prime factors of q?
2, 5, 23
Let v(p) = 3*p**2 - 18*p + 34. Let c be v(3). Let u(g) = g**3 - 3*g**2 + 0*g**2 - 5*g**2 - 9 + 10*g. List the prime factors of u(c).
2, 3
Let j(n) = n**2 + 39*n + 347. Let f be j(-13). Suppose -l + 0*l + 4383 = 4*i, 0 = -5*i - 5*l + 5475. Suppose -f*s = -i - 398. List the prime factors of s.
2, 83
Suppose 0 = -h - 5, 0 = -5*b - 4*h - 2 - 3. Let p(v) = -26*v**2 + v**b - 23*v**2 + 43*v**2 - 4*v - 14. List the prime factors of p(7).
7
Suppose -9*a = -v - 7*a + 1821, 0 = 2*a + 6. Suppose 1228 + v = 17*m. List the prime factors of m.
179
Suppose 36123 + 47267 = 10*q. What are the prime factors of q?
31, 269
Suppose -1750 = -10*i + 5*i. Suppose -2*s - i + 130 = 3*d, d - 220 = 2*s. Let y = s - -255. What are the prime factors of y?
5, 29
Let y = 4843 + 8815. List the prime factors of y.
2, 6829
Suppose -17840638 - 9099422 = -378*o - 7398972. List the prime factors of o.
2, 3, 359
Suppose 205 = -3*g - 5*p, 6*g = 8*g + p + 132. Let i = g - -455. List the prime factors of i.
2, 3, 5, 13
Let k(r) = -83 + 14*r + 89*r + 15*r + 131*r. What are the prime factors of k(3)?
2, 83
Suppose 12*k + 109 + 131 = 0. Let g be (16/(-10))/((-8)/k) - -159. Suppose -5*w + 4*w = -g. List the prime factors of w.
5, 31
Suppose 0 = 70*j + 137*j - 1513170. List the prime factors of j.
2, 5, 17, 43
Let i = -81180 - -137181. What are the prime factors of i?
3, 11, 1697
Let s = 1035 + -2292. Let y = s + 2151. What are the prime factors of y?
2, 3, 149
Suppose 2*j = -4*t + 12, -2*t - 3*j + j + 8 = 0. Suppose -4*s + t*p - 7*p + 1923 = 0, 4*s = 3*p + 1899. What are the prime factors of s?
3, 53
Suppose 4*i = o - 60655, 21*o + 5*i = 25*o - 242664. What are the prime factors of o?
13, 359
Let d(t) = 3*t - 21. Let a be d(8). Suppose -y = -5*o + 2*y + 2517, 4*o + a*y = 2019. What are the prime factors of o?
2, 3, 7
Suppose -46*x + 326429 = -255631 - 1910. List the prime factors of x.
5, 2539
Suppose -l + 397 = -0*y - 4*y, 2*l = 2. Let f = 732 - y. List the prime factors of f.
3, 277
Suppose 47*y - 51*y = -2*s + 48342, 5*y + 72513 